the highest common factor of n and a.
18
Let u(k) = -k**2 - 10*k - 1. Let a be u(-8). Suppose -5 - a = -v. Suppose 0 = -3*f + 5*p + 80, v = 5*p - 5. Calculate the greatest common divisor of f and 7.
7
Suppose 45 + 3 = 2*x. What is the greatest common factor of x and 6?
6
Let x = 20 - 4. Let f be ((-12)/x)/(2/(-88)). Suppose 0 = -a + 5*j - 12, -3*a = 8*j - 3*j - 24. What is the highest common divisor of a and f?
3
Let a(n) = -4*n - 1. Let t be a(-3). Suppose 4*l - 21 - 3 = 0. Let z be (l/(-3))/((-4)/154). Calculate the greatest common factor of t and z.
11
Let r(i) = -2*i - 5. Let l be r(-5). Let q be 1 + (-1)/((-3)/42). Calculate the greatest common divisor of l and q.
5
Let k be 1 - (3 - 1 - 0). Let g be (1*k)/(1/(-22)). Calculate the greatest common divisor of 198 and g.
22
Let b be -261*(3 - 10/3). What is the highest common divisor of b and 29?
29
Suppose 438 = -0*k + 3*k. Let d = k - 6. What is the highest common divisor of 14 and d?
14
Let s(g) = -25*g + 3. Let z be s(-6). Calculate the greatest common factor of z and 17.
17
Let k be 2/8 - 159/(-4). What is the greatest common factor of 100 and k?
20
Let g(j) be the second derivative of j**4/6 + j**3/3 - 5*j**2/2 + 2*j. Let p be g(-3). Calculate the highest common divisor of p and 49.
7
Let f = -243 + 438. Calculate the highest common divisor of f and 39.
39
Let f be 96/56 + 4/14. Let z(q) = 0*q - 3*q**3 - 2 + 2*q**3 + 5 + 4*q**f - 2*q. Let m be z(3). What is the greatest common factor of 2 and m?
2
Suppose -7 = -i + u, -i + 0 + 12 = -2*u. Suppose -i*p - 2 = -14. Suppose 40 = 2*l + y, -5*l + 2*y = -y - 78. Calculate the greatest common divisor of l and p.
6
Suppose -5*m = -5 + 15. Let n be (7/(-3))/(m/12). Calculate the greatest common divisor of n and 28.
14
Let p(z) = 2*z**2 - 20*z - 13. Let c be p(11). Suppose 0 = -5*n + 3*j + 150, -j = 3 + 2. What is the highest common factor of c and n?
9
Let v = 13 - -2. What is the highest common factor of v and 60?
15
Let w(s) = 2*s**3 - 48*s**2 + 8*s - 22. Let k be w(24). What is the highest common factor of k and 34?
34
Let s be (-3 - 0)*3/(-3). Suppose -5*c - 67 = s*y - 13, 3*y = -9. Let o = c - -21. Calculate the highest common divisor of o and 8.
4
Suppose 217 = 5*q - 4*q. What is the highest common factor of q and 31?
31
Let d(s) = s**3 - 5*s**2 + 5*s + 2. Let a = -7 + 11. Let j be d(a). Let i(w) = w**2 - 8*w + 9. Let r be i(9). Calculate the highest common divisor of j and r.
6
Let t(n) = -7*n - 2. Let l be t(-2). Calculate the greatest common factor of l and 60.
12
Suppose -m = 2*m - 12, 29 = 3*g + 5*m. Calculate the highest common factor of 3 and g.
3
Let q be ((-245)/28)/((-3)/24). Let g(r) = r**2 - 3*r - 8. Let a be g(6). Calculate the greatest common divisor of q and a.
10
Suppose -2*r - 14 = -n - 89, -2*r + 5*n + 79 = 0. Calculate the highest common factor of 407 and r.
37
Suppose d = -0*d. Suppose 3*b + 26 - 125 = d. Suppose -2*m - n + b = 0, -m + n + 16 = 4. What is the greatest common factor of m and 15?
15
Let y(s) = -160*s - 3. Let l be y(-4). Suppose l - 117 = 5*o. Let d(x) = x**2 - 7*x - 47. Let j be d(12). Calculate the greatest common factor of j and o.
13
Suppose 5*c + 29 + 0 = 4*l, -3 = -c. Suppose -7*r + 4 = -3*r. Let j(y) = 99*y**2 - y + 1. Let k be j(r). Calculate the greatest common factor of l and k.
11
Suppose 12 = 2*x + x. What is the highest common divisor of x and 2?
2
Let p = 1 - -2. Let t(a) = a**3 + 13*a**2 + 13*a + 6. Let y be t(-12). Let s = y + 8. What is the highest common factor of p and s?
1
Let y be (-47)/(-2) + 1/2. What is the greatest common factor of y and 8?
8
Suppose 2*c = l - 115, -3*c + 45 = -2*l + 275. Calculate the greatest common factor of l and 5.
5
Suppose 28 = 2*f - 4*m + 2*m, 5*f + 3*m = 46. What is the greatest common factor of f and 99?
11
Let x = -61 + 66. Calculate the greatest common factor of x and 95.
5
Suppose -4*q - 90 = -5*l + q, 0 = 4*l + 2*q - 60. Calculate the highest common factor of l and 4.
4
Let b(t) = -t - 3. Let n be b(-7). What is the greatest common divisor of 1 and n?
1
Let v(b) = 3*b**3 - b**2 - 2*b - 6. Let f = -1 + 4. Let g be v(f). What is the highest common factor of 40 and g?
20
Let c be 602/126 - (-2)/9. Suppose o = 4*o - 4*j - 32, -j - 76 = -c*o. Calculate the greatest common divisor of 40 and o.
8
Suppose -n - u + 30 = -49, -2*u = -8. Let l(c) = 16*c**3 - c. Suppose -5*k + 0*k = -5. Let s be l(k). Calculate the greatest common divisor of s and n.
15
Let z(c) = -c**3 + 5*c**2 + 9*c - 1. Suppose 4*t = 18 + 6. Let p be z(t). What is the highest common divisor of p and 119?
17
Let g(p) = -2*p + 11. Let q be g(-5). What is the highest common divisor of 14 and q?
7
Let j = -12 + 7. Let y = -3 - j. Suppose -10 = -4*h - h. What is the greatest common divisor of h and y?
2
Let o be (-34)/(-10) - 14/35. Suppose 4 = 4*b - 8. What is the greatest common factor of b and o?
3
Suppose 6 - 126 = -3*l. What is the greatest common factor of l and 160?
40
Suppose 4*t = f - 49, 3*t - 42 = -f - 0*f. Let o(d) = -4*d**3 - 2*d - 1. Let q be o(-1). What is the greatest common factor of f and q?
5
Let v(d) = 10*d**3 - 4*d. Let h be v(2). Suppose -2*q + 60 = 3*n + 23, 0 = 2*n - 2*q - 8. Calculate the greatest common factor of n and h.
9
Suppose 15 = 10*b - 85. What is the greatest common divisor of 70 and b?
10
Let y(f) = f**2 - 2*f + 1. Let j be y(-2). Let z = j + -5. Suppose -h + 28 = -4*t, z*h + 9 = -4*t + 61. What is the highest common factor of h and 112?
16
Let t be (-15283)/(-279) - ((-2)/9 + 0). Let u(m) = m**2 - 4. Let z be u(3). What is the highest common factor of z and t?
5
Let w = 1 - -10. What is the highest common divisor of 88 and w?
11
Let i be ((-15)/(-6) - 2)*-2. Let x = 7 - i. Suppose -3*m = 5*b - 0 - 13, -4*b = -5*m - 3. What is the greatest common divisor of m and x?
1
Suppose g = 4*g. Suppose -393 = -3*c - g*c - 5*d, 2*c - 5*d - 287 = 0. Calculate the greatest common divisor of c and 17.
17
Suppose 5*y - 3*p = -5*p + 130, -y + 2*p + 38 = 0. Calculate the highest common divisor of y and 7.
7
Suppose -205 = -2*f - 25. Suppose -3*o = 2*o - f. What is the greatest common factor of 6 and o?
6
Let i be (8/12)/((-6)/(-27)). Suppose -2*c = -4*c. Suppose -3*v - 10 = 3*n + v, c = i*v + 12. Calculate the highest common divisor of n and 2.
2
Let i(v) = -v**3 - 6*v**2 + 3. Let y be i(-5). Let d = y + 49. Calculate the greatest common divisor of 18 and d.
9
Let a(t) = 3*t - 5*t + t**2 + 0*t. Let r be a(4). What is the highest common factor of r and 88?
8
Let k(i) = 133*i + 7. Let c(v) = -133*v - 6. Let j(o) = 6*c(o) + 5*k(o). Let b be j(-1). Calculate the highest common factor of 12 and b.
12
Let p be (-12 + 2)*(-1 + -1). What is the greatest common factor of 50 and p?
10
Let x be ((-6)/(-4))/(3/(-6)). Let i(h) = -h**3 + 3*h - 2. Let d be i(x). Let j = -27 + 91. Calculate the greatest common divisor of d and j.
16
Let h(w) = -2*w + 13. Let j be h(6). Calculate the greatest common divisor of 2 and j.
1
Suppose 2*t = -4*z + 164, -311 - 144 = -5*t + 5*z. Let l be 1 + -4 + 2 - 1. Let v be l/((-6)/(-8) - 1). Calculate the greatest common factor of v and t.
8
Let v be (-2)/(-2) + (6 - 5). Let w be (v - -16)*(-2)/(-6). What is the highest common divisor of w and 48?
6
Let u = 113 + -193. Let f = u - -144. What is the greatest common factor of f and 16?
16
Suppose 4*s = 3*t - 0*t - 50, -3*t + 40 = s. What is the greatest common divisor of t and 14?
14
Suppose 3*g - 13 - 2 = 0. Suppose 0*b = g*a - 4*b - 133, 6 = -3*b. Let w be (10/4)/(7/14). Calculate the greatest common divisor of a and w.
5
Suppose 0 = -5*c + 5*t + 215, -3*t - 84 = -2*c + t. What is the highest common divisor of 11 and c?
11
Suppose -5*z + 3*a = -25, a - 24 + 3 = -2*z. Suppose 3*u - z*u = 5*g - 200, -3*u = -g - 140. What is the highest common divisor of u and 5?
5
Let u(c) = c**3 - 9*c**2 + 3*c + 15. Let t be u(9). Calculate the greatest common factor of t and 84.
42
Let w(y) = -y**3 - 9*y**2 - 9*y - 2. Let r be w(-8). What is the highest common divisor of r and 30?
6
Let x be (-2)/9 + (-76)/(-18). Suppose c = x*c - 33. Suppose 64 + c = 5*u. Calculate the highest common factor of u and 3.
3
Let m = 415 + -283. What is the highest common divisor of m and 12?
12
Suppose -11 = -5*o - 1. What is the greatest common 